e remainder when p is divided by i.
5
Suppose 4*d = -3*q + d + 18, -q + 18 = -2*d. Let j = q + -5. Calculate the remainder when j is divided by 3.
2
Let p(q) = 2*q - 7. Let r be p(5). Suppose -3*b = -l + 24, 4*b - 57 = -4*l + r*b. Calculate the remainder when 44 is divided by l.
14
Let w be (-2)/4 + 1645/14. Suppose 3*n + w = -18. Let s = n + 77. What is the remainder when s is divided by 11?
10
Suppose -3*i + 5*m = -20, -2*m + 70 = 7*i - 3*i. Suppose 2*w - 88 = -0*w. Calculate the remainder when w is divided by i.
14
Let f(t) = -t**2 - 7*t - 6. Let k be f(-5). Suppose 0 = -k*n + 64 - 20. Calculate the remainder when n is divided by 3.
2
Suppose 0*y + 39 = 3*y. Let k(r) = 5*r + 2. What is the remainder when k(7) is divided by y?
11
Let k = 17 - 10. Calculate the remainder when 33 is divided by k.
5
Let o = -192 - -208. Let m = -22 + 53. Calculate the remainder when m is divided by o.
15
Suppose 0 = -4*d + u - 83, -5*d + u - 43 = 60. What is the remainder when 8/(-36) - 526/(-18) is divided by 6/4*d/(-3)?
9
Suppose -2*p + 7*p + v - 46 = 0, 2*p - 4*v = 14. Let b = 1 - -14. Calculate the remainder when b is divided by p.
6
Let z(s) = -s**2 - 8*s - 10. Let a be z(-8). Let k(w) = w**2 + 8*w - 9. What is the remainder when k(a) is divided by 4?
3
Suppose 5*m = g - 2, -g + m - 3*m + 2 = 0. Let x = 4 - g. Calculate the remainder when 7 is divided by x.
1
Let u(r) = 5*r**2 - r + 4. Suppose -n - 11 = -4*z, 0 = 3*n + 4*z - 16 - 15. Let t = n - 2. Calculate the remainder when u(t) is divided by 24.
22
What is the remainder when 24 is divided by 1/(4/16) + 5?
6
Calculate the remainder when 62 is divided by (-3)/15 + 405/25.
14
Suppose -5*d = -5*j - 0*j, 5*d + j = 12. Suppose 0 = -2*l - 4*i - 26, -22 = 4*l - 5*l + 5*i. Calculate the remainder when l/9 - 10/(-3) is divided by d.
1
Suppose -y - 1 = 1, -43 = -3*d - 4*y. What is the remainder when 47 is divided by d?
13
Let r(n) = n**3 + 5*n**2 + 3. Let a = 31 + -21. Calculate the remainder when r(-4) is divided by a.
9
Let t(b) = b**3 - 6*b**2 + 5*b - 7. Let o be t(6). Suppose 0 = v - 0*v + 4*w - o, 41 = 3*v - 2*w. What is the remainder when 58 is divided by v?
13
Let p be (-1)/(-4) + 82/(-8). Calculate the remainder when (5/p)/(3/(-198)) is divided by (-6)/(-9)*(-51)/(-2).
16
What is the remainder when 138 is divided by -3 - (-50)/(-2)*(-6 - -4)?
44
Let i(b) = b**2 + 7*b. Let z be i(-6). Let d = 24 + -52. Calculate the remainder when 12 is divided by (-6)/(-4)*d/z.
5
Suppose 3*f + 15 = -2*f, -2*f = -2*v + 44. Let w be 118/(-12) - 4/24. Let a = w + v. What is the remainder when 26 is divided by a?
8
Let p = 41 + -33. Calculate the remainder when p is divided by 5.
3
Let i be -14*(10/(-4) + 2). Suppose -y + i = 5. Calculate the remainder when 14 is divided by 8 + 0/(y/1).
6
Let g = 13 + 0. Let i be (27/2)/((-3)/(-18)). What is the remainder when g is divided by i/15 + (-4)/10?
3
Let l(w) = -w**2 + 14*w + 11. Suppose 2*r - 21 = 17. Calculate the remainder when r is divided by l(14).
8
Suppose -24 = -4*v - 8. Suppose 4*m - 3*h - 21 - 6 = 0, h - v = -3*m. What is the remainder when 11 is divided by m?
2
Let i be (552/(-10))/4*-5. Suppose -i = -5*w + 191. What is the remainder when w is divided by 18?
16
Suppose 0 = 4*y - o - 0 - 3, 3*y + o = 11. Suppose -y*c = -68 - 30. Let m(u) = 2*u + 1. Calculate the remainder when c is divided by m(6).
10
Let j = -6 + 3. Let u = j - -6. What is the remainder when 4 is divided by u?
1
Suppose 52 = 4*k - 20. Calculate the remainder when 71 is divided by k.
17
Suppose c - 2*u = -2*c + 100, u - 137 = -4*c. Calculate the remainder when c is divided by 7.
6
Let b be (-9)/(-2)*250/15. Suppose b = 3*i - 0. Calculate the remainder when i is divided by 14.
11
Let k be 1*(4 + -2) + 0. Suppose -36 = -k*c + 2. What is the remainder when c is divided by ((-2)/(-4))/(-1)*10*-2?
9
Suppose -2*q + 19 = -95. Calculate the remainder when q is divided by 30.
27
Suppose -7*w = -6*w + 25. Let i(x) = -x - 2. What is the remainder when (-3)/12 + w/(-4) is divided by i(-4)?
0
Suppose 0 = 4*z - h - 55, 0 = 4*h - 3*h - 5. Suppose -2*r = a - 85, z = -3*a - 0. Calculate the remainder when r is divided by 12.
9
Suppose -4*z + 5*w = 12 + 11, 4*z - w + 11 = 0. Let v be z/(2/(-3))*-9. Calculate the remainder when -27*-3*(-6)/v is divided by 10.
8
Suppose 4*g - r = 214, -g + 4*r - 8 = -69. Suppose -t + g = 18. What is the remainder when t is divided by 19?
16
Let k = 47 + -31. Calculate the remainder when 31 is divided by k.
15
Let i(h) = h**2 - 2. Calculate the remainder when i(5) is divided by 9.
5
Suppose 0*o - 2*o + 8 = 0. Calculate the remainder when 285/21 - 4/7 is divided by o.
1
Suppose 0 = 5*t - 2*j - 20 - 16, 26 = 4*t - 3*j. Suppose -2*o + 2*s - t = -30, -s + 34 = 2*o. What is the remainder when 10 is divided by o/6*(-12)/(-5)?
4
Suppose 0 = 3*w - 5*w + 10. Suppose -260 = -4*i - 28. Suppose -2 = -w*u + i. What is the remainder when 35 is divided by u?
11
Let s be 2/8*6*2. Let v = s - -6. What is the remainder when v is divided by 4?
1
Suppose -4*h - 4 = -2*h. Let f be (-1 - h)*-1*6. What is the remainder when 15 is divided by (-2)/4 + (-51)/f?
7
Suppose -29*x + 25*x + 84 = 0. What is the remainder when 49 is divided by x?
7
Suppose 7 = 2*t - 17. Calculate the remainder when 21 is divided by t.
9
Suppose 56 + 224 = 5*w. Calculate the remainder when w is divided by 19.
18
Calculate the remainder when (-3 + 2)*(-14 + 5) is divided by 3.
0
Suppose -2*v + 33 = s - 14, -3*v + 15 = 0. Calculate the remainder when s is divided by 13.
11
Suppose -15 = 4*y + y, -9 = 3*z + 5*y. Suppose -z*g + g = -23. What is the remainder when g is divided by 14 - 4/(-6)*-3?
11
Suppose 4*o - 361 = 3*j - 113, -4*o + 256 = -5*j. Let w = 82 - 67. What is the remainder when o is divided by w?
14
Let f be (32/(-20))/((-1)/60). Suppose -l - l = f. Let k = l + 70. What is the remainder when k is divided by 8?
6
Let x(r) = 10*r**3 - r. Suppose 3 = 3*o - 2*v, o - 4*v + 1 = 2*o. Let p be x(o). Calculate the remainder when (3/(p/78))/2 is divided by 5.
3
Let q = -7 - -36. Calculate the remainder when 173 is divided by q.
28
Suppose 4*f + 2 = 206. What is the remainder when f is divided by 13?
12
Let i be 0/(-1 + 0) - 2. Calculate the remainder when (-1)/i*(2 + 0) is divided by (-12)/(-20) - 4/(-10).
0
Suppose -2*p + q + 32 = 0, 3*p + 4*q - 2 - 35 = 0. Calculate the remainder when 26 is divided by p.
11
Suppose 23 = -4*x + 255. Suppose 4*v - 4*h = 144, x = 4*v + h - 86. What is the remainder when v is divided by 13?
10
Let o(g) = -g**2 + 5*g + 12. Calculate the remainder when 9 is divided by o(6).
3
Let p = 7 - 2. Calculate the remainder when 13 is divided by p.
3
Let a(n) = -n**3 - 6*n**2 - 8*n - 6. Let b = -9 + 4. Calculate the remainder when (-99)/(-4) + 1/4 is divided by a(b).
7
Suppose -5*v + 2*v = -57. Calculate the remainder when 69 is divided by v.
12
Let d(l) = -10*l - 7. Let g(j) = j**3 + j - 2. Let h be g(0). Let u be h/(3*-2)*-15. What is the remainder when d(u) is divided by 15?
13
Let t = 0 + 16. Let d be 2 - (-1)/(-2)*6. Calculate the remainder when 138/3*(0 - d) is divided by t.
14
Suppose 2*t = -0 + 16. Let c(x) = -x**2 + 10*x + 1. Calculate the remainder when c(t) is divided by 6.
5
Let v(q) = -2*q + 3*q + 0*q - 5. Let t(a) = a - 6. Let l(s) = -6*t(s) + 7*v(s). What is the remainder when 6 is divided by l(3)?
2
Let u be 4/(-5)*(-19 - -4). Let t(l) = -l**3 + 13*l**2 - 9*l + 1. Calculate the remainder when t(u) is divided by 8.
5
Suppose w - 18 = c - 4*c, 19 = -2*w + 5*c. Suppose -2*j = -j - 6. Let x = j - 4. Calculate the remainder when w is divided by x.
1
Suppose -2*l = 5*t - l - 69, 0 = 2*t + 2*l - 26. Let m = -6 + t. Suppose -4*u = -18 - 38. What is the remainder when u is divided by m?
6
Let s(z) = z**2 - 4*z + 2. Let a(k) = k**2 - 3*k - 4. Calculate the remainder when s(14) is divided by a(8).
34
Let s = 114 + -71. Suppose 0 = 4*o + j - s, -8*o - 2*j = -4*o - 42. What is the remainder when 30 is divided by o?
8
Suppose 2*x + 10 = 7*x. Calculate the remainder when 2 is divided by x.
0
Let d = -673 - -469. What is the remainder when d/(-8) - (-2)/(-4) is divided by (-82)/(-6) + 3/9?
11
What is the remainder when 13 is divided by 11 - (-3 - (1 + -8))?
6
Suppose -5*f + 104 + 11 = 0. Calculate the remainder when 65 i